{"id":11,"date":"2015-05-26T09:17:34","date_gmt":"2015-05-26T09:17:34","guid":{"rendered":"https:\/\/www.xn--siebenbumen-r8a.de\/?page_id=11"},"modified":"2023-10-25T18:34:53","modified_gmt":"2023-10-25T18:34:53","slug":"volkstanzgruppe","status":"publish","type":"page","link":"https:\/\/www.xn--siebenbumen-r8a.de\/?page_id=11","title":{"rendered":"Volkstanzgruppe"},"content":{"rendered":"<p style=\"text-align: center;\">Anl\u00e4sslich des anstehenden Dorfjubil\u00e4ums, der 700-Jahr-Feier Siebenb\u00e4umen, beschloss die Gemeindevertretung im Jahre 1988 eine Siebenb\u00e4umer Tracht anzufertigen.<br \/>\nEs wurde in Museen recherchiert, und viele flei\u00dfige Frauenh\u00e4nde n\u00e4hten und bestickten diese Frauentracht von 1810.<\/p>\n<p>Sie besteht aus einem schwarzen Rock aus Fries mit angen\u00e4htem Mieder, das Mieder ist mit einer Seidenbrokatborte umrandet. Wei\u00dfe Bluse mit Wei\u00dfstickerei. Schlichte wei\u00dfe Sch\u00fcrze. Wei\u00dfer Unterkragen mit Spitze. Schwarzes Schultertuch in Plattstichstickerei.<br \/>\nDie Haube mit roter Stickerei, roten B\u00e4ndern und plissierter Spitze. Dieses Schmuckst\u00fcck ist heute in unserem Dorfhaus im Windfang in einer Vitrine zu bewundern.<\/p>\n<p style=\"text-align: center;\">Sehr schnell wurde dann eine Volkstanzgruppe ins Leben gerufen und intensiv einige Volkst\u00e4nze unter der Leitung von Frau Busch-Strey (ehem. Kastorf) einstudiert, die rechtzeitig zum Jubil\u00e4umsfest im Jahre 1989 aufgef\u00fchrt werden konnten. Unsere heutige Tanzkleidung wurde auch in Eigenleistung gen\u00e4ht.<\/p>\n<p style=\"text-align: center;\">Wir tanzen \u00fcberwiegend deutsche T\u00e4nze, treten auf bei \u00f6ffentlichen und privaten Veranstaltungen und haben viel Spa\u00df dabei, anderen eine Freude zu bereiten.<\/p>\n<p style=\"text-align: center;\"><a href=\"http:\/\/neu.xn--siebenbumen-r8a.de\/wp-content\/uploads\/2015\/05\/volkstanzgruppe.jpg\"><img loading=\"lazy\" class=\"alignnone size-medium wp-image-14\" src=\"http:\/\/neu.xn--siebenbumen-r8a.de\/wp-content\/uploads\/2015\/05\/volkstanzgruppe-300x212.jpg\" alt=\"volkstanzgruppe\" width=\"300\" height=\"212\" srcset=\"https:\/\/www.xn--siebenbumen-r8a.de\/wp-content\/uploads\/2015\/05\/volkstanzgruppe-300x212.jpg 300w, https:\/\/www.xn--siebenbumen-r8a.de\/wp-content\/uploads\/2015\/05\/volkstanzgruppe.jpg 452w\" sizes=\"(max-width: 300px) 100vw, 300px\" \/><\/a><\/p>\n<p style=\"text-align: center;\"><em>Volkstanzgruppe Siebenb\u00e4umen am 1. Mai 2012<\/em> (Foto: Rolf Rickert)<\/p>\n<p style=\"text-align: center;\">Wir veranstalten in Siebenb\u00e4umen immer am 1. Mai das Maibaumaufstellen und tanzen dort den B\u00e4ndertanz unter dem Maibaum. Ebenso organisieren wir das beliebte Oktoberfest.<br \/>\nWer hat Lust, mitzumachen?<br \/>\nEin Einstieg ist jederzeit m\u00f6glich, es gibt keine Altersbegrenzung und keine Vorkenntnisse.<br \/>\nWir treffen uns zu unseren \u00dcbungsabenden, 14-t\u00e4gig am Donnerstag, beginnend am 12. Januar 2012.<\/p>\n<ol style=\"text-align: center;\">\n<li><em> Vorsitzende:<\/em><\/li>\n<\/ol>\n<p style=\"text-align: center;\">Stefanie Schimming<br \/>\nDorfstr. 32 A<br \/>\n23847 Siebenb\u00e4umen<br \/>\ne-mail: die-schimmings(at)t-online.de<\/p>\n","protected":false},"excerpt":{"rendered":"<p>Anl\u00e4sslich des anstehenden Dorfjubil\u00e4ums, der 700-Jahr-Feier Siebenb\u00e4umen, beschloss die Gemeindevertretung im Jahre 1988 eine Siebenb\u00e4umer Tracht anzufertigen. Es wurde in<\/p>\n","protected":false},"author":1,"featured_media":0,"parent":0,"menu_order":4,"comment_status":"open","ping_status":"open","template":"","meta":[],"_links":{"self":[{"href":"https:\/\/www.xn--siebenbumen-r8a.de\/index.php?rest_route=\/wp\/v2\/pages\/11"}],"collection":[{"href":"https:\/\/www.xn--siebenbumen-r8a.de\/index.php?rest_route=\/wp\/v2\/pages"}],"about":[{"href":"https:\/\/www.xn--siebenbumen-r8a.de\/index.php?rest_route=\/wp\/v2\/types\/page"}],"author":[{"embeddable":true,"href":"https:\/\/www.xn--siebenbumen-r8a.de\/index.php?rest_route=\/wp\/v2\/users\/1"}],"replies":[{"embeddable":true,"href":"https:\/\/www.xn--siebenbumen-r8a.de\/index.php?rest_route=%2Fwp%2Fv2%2Fcomments&post=11"}],"version-history":[{"count":3,"href":"https:\/\/www.xn--siebenbumen-r8a.de\/index.php?rest_route=\/wp\/v2\/pages\/11\/revisions"}],"predecessor-version":[{"id":15,"href":"https:\/\/www.xn--siebenbumen-r8a.de\/index.php?rest_route=\/wp\/v2\/pages\/11\/revisions\/15"}],"wp:attachment":[{"href":"https:\/\/www.xn--siebenbumen-r8a.de\/index.php?rest_route=%2Fwp%2Fv2%2Fmedia&parent=11"}],"curies":[{"name":"wp","href":"https:\/\/api.w.org\/{rel}","templated":true}]}}